) = 19*v**2 + v + 1. Calculate the remainder when 109 is divided by i(-1).
14
Let f(b) = 5*b + 135. What is the remainder when 117 is divided by f(-23)?
17
Let o(n) = 5*n**2 - 9*n + 2 - 5*n**2 - n**2 - n. Calculate the remainder when 33 is divided by o(-8).
15
Let h(z) = -3*z - 9 + 13 + 2*z. Calculate the remainder when (4 - 1) + 33 - 3 is divided by h(-5).
6
Let t(m) = 7*m + 13 + 0 - 4*m + 5. What is the remainder when t(7) is divided by 7?
4
Let r be (-10)/4*(-12)/15. Suppose -7*o + 155 = -r*o. Calculate the remainder when o is divided by ((-3)/4)/((-54)/1224).
14
Let f = -69 - -106. Calculate the remainder when 963/9 - (3 + -2 + -2) is divided by f.
34
Suppose 0*g + 5*g + 24 = u, -3*u + 16 = -g. Calculate the remainder when (4 + 61 + g)/1 is divided by 32.
29
Let a = -82 + 114. What is the remainder when a is divided by 2?
0
Let a = -6 + 10. Suppose a*t - 47 - 21 = 0. Suppose 0*p = p - t. What is the remainder when 66 is divided by p?
15
Suppose 62 - 2712 = -129*f + 1607. Calculate the remainder when (-6)/(2 - (-88)/(-42)) is divided by f.
30
Suppose 3*k + 6*c - 3*c = 324, -2*c + 103 = k. What is the remainder when k is divided by 47?
19
Suppose 0 = 8*l - 9*l + 4. Suppose l*o + 12 = 0, 0*j + j - 40 = -o. What is the remainder when j is divided by 1/((-2)/(-26)) - 2?
10
Let b be 106/(-2)*(-3 + 2). Let m = b + -18. Calculate the remainder when m is divided by (-164)/(-14) - 10/(-35).
11
Let q(c) = 4*c**2 + 9*c - 74. What is the remainder when 68 is divided by q(4)?
16
Let g(r) = -r - 2. Let a(f) = f**2 - 3*f. Let k be a(3). Let s be g(k). Calculate the remainder when 19 - (s + (-3 - -7)) is divided by 9.
8
Suppose -3*c - 2*x - 932 + 2369 = 0, -2*c = -5*x - 958. What is the remainder when c is divided by 40?
39
Let u(o) = -o**2 + 33*o + 94. What is the remainder when 227 is divided by u(35)?
11
Let f(p) = -23*p**3 + 10*p**2 - p - 11. What is the remainder when f(-3) is divided by 234?
1
Let r(l) = l**3 - 28*l**2 + 58*l - 61. Calculate the remainder when r(26) is divided by 25.
20
Suppose 3*d = 5*g + 308, -2*g + 150 = d + 40. Calculate the remainder when 208 is divided by d.
102
Let b = 5 + -11. Let i = -3 - b. Suppose 4*n = 8*n + 5*p - 38, -4 = -2*p. Calculate the remainder when n is divided by i.
1
Let a be 2/(-7) + 32/14. Suppose 4*d - 20 = -2*h + a*d, -2*d - 5 = -3*h. Suppose 0 = -3*r + 2*r + 19. Calculate the remainder when r is divided by h.
4
Let n(t) = -t**3 - 31*t**2 - 107*t + 62. Calculate the remainder when 345 is divided by n(-27).
30
Let k(t) = 3*t**3 + 23*t**2 + 4*t + 2. Calculate the remainder when 271 is divided by k(-7).
55
Suppose 5*k - y = 10, k = 5*k - y - 7. Let o(n) = -n**3 - 7*n**2 - 4*n - 17. What is the remainder when (38/k)/((-4)/(-6)) is divided by o(-7)?
8
Let f(n) = 20*n - 18. Suppose 4*i = 4*h + 88, h - 18 = 2*i - 64. What is the remainder when f(8) is divided by i?
22
Let u(q) = q**3 - q + 6. Let f(t) = 9*t**2 + t**3 + 18*t + 10 + 24*t**2 - 14*t**2. Calculate the remainder when f(-18) is divided by u(0).
4
Let y be (39/(-26))/(6/(-64)). Let x = 47 - 30. What is the remainder when 5/(5/y)*2 is divided by x?
15
Let f = -148 + 98. Let h = 68 + f. Suppose 5*t - 63 = -13. Calculate the remainder when h is divided by t.
8
Let b = 160 - 108. Calculate the remainder when b is divided by 21.
10
Suppose -2*t = -5*t + 2*u + 28, t - u = 9. Let p = t + -6. Calculate the remainder when 9 is divided by p.
1
Let z(d) = -8*d**3. Calculate the remainder when ((-88)/(-6))/(70/105) is divided by z(-1).
6
Let y = -720 - -787. Calculate the remainder when 84 is divided by y.
17
Let w = -157 + 171. What is the remainder when 471 is divided by w?
9
Let t = -331 - -407. Calculate the remainder when t is divided by 31.
14
Let i be ((-3)/4)/((-1)/(-8)). Let v(w) = 32*w - 8. Let f be v(i). What is the remainder when ((-2)/(-5))/((-5)/f) is divided by 6?
4
Suppose -3*h = -h - 4. Suppose 3*t = 6*t - 12. What is the remainder when (h - -8) + 3/1 is divided by t?
1
Let q = -8 + 23. Calculate the remainder when q is divided by (-2)/1*(-9 - (-8 - -3)).
7
Let r be ((-60)/70)/((-2)/28). Let b = r + -17. Let m(z) = -6*z - 17. Calculate the remainder when 89 is divided by m(b).
11
Let d(o) = 8*o**3 - 4*o + 7. Let p be d(3). Let r = -151 + p. Calculate the remainder when r is divided by 16.
12
Let s = 93 - 46. What is the remainder when 140 is divided by s?
46
Let v = -169 + 333. Let c = 34 + v. What is the remainder when 47 is divided by 4/16 - c/(-8)?
22
Let k(t) = -t + 5. Let c be k(8). What is the remainder when (7/(-3))/(1/c) is divided by 3?
1
Let m(s) = -19*s**3 + s**2 - 3*s - 3. What is the remainder when 138 is divided by m(-1)?
18
Let u(g) = 15*g**2 + 5*g - 7. Calculate the remainder when 61 is divided by u(1).
9
Let h = -268 - -285. What is the remainder when 525 is divided by h?
15
Suppose 10*x = 14*x - 12. Suppose -3*y + u + 55 = 0, -4*y - 5*u = -x*y - 13. Calculate the remainder when 52 is divided by y.
16
Let k(m) = 17*m**2 + 20*m - 12. Let f(l) = -6*l**2 - 7*l + 4. Let y(v) = 11*f(v) + 4*k(v). What is the remainder when y(5) is divided by 17?
10
Let b(u) = -4 - 112*u**2 + 114*u**2 + 3. Let x = 65 - 38. What is the remainder when x is divided by b(-2)?
6
Suppose 0 = 7*i - 652 - 832. Calculate the remainder when i is divided by 36.
32
Suppose 7*x = 1280 - 615. Calculate the remainder when 187 is divided by x.
92
Suppose -2*x + 20 + 46 = 0. Let d(p) = 2*p + 2. Calculate the remainder when x is divided by d(8).
15
Let k = 34 + -3. Let h = 464 + -456. What is the remainder when k is divided by h?
7
Let g = -28 - -43. Calculate the remainder when (-7 + 171/12)/(1/12) is divided by g.
12
Suppose 49*h = 22*h + 2700. What is the remainder when h is divided by 31?
7
Let x(a) = -2*a**2 + 13*a - 6. Let u be x(6). Suppose 3*o - 8 - 16 = u. Suppose 2*q + 5*m - 12 = 0, 4*m + 8 = -o. What is the remainder when 45 is divided by q?
13
Let o(f) = f**3 + 7*f**2 + 4*f - 1. Let c be o(-6). Suppose 9*m - 8*m - c = 0. Calculate the remainder when m is divided by 6.
5
Let j = 3 + 0. Suppose 0 = -j*d - 2 + 23. Calculate the remainder when 12 is divided by d.
5
Let c(u) = u + 12. Let r be c(-6). Suppose q - 4*y - 2 = -2*y, 3*q - r = -3*y. Suppose -5*s + q*s = -36. Calculate the remainder when 46 is divided by s.
10
Let p be 2*16 + (-24)/(-6). What is the remainder when (p/10)/((-1)/(-15)) is divided by 14?
12
Suppose 2*s = 5*t + 78 - 25, 3*s - 3*t = 57. What is the remainder when 137 is divided by s?
11
Let o(x) = -21*x - 22*x**2 - 19 + 49*x**2 - 28*x**2. Calculate the remainder when o(-17) is divided by 20.
9
Suppose m - 3*m + 825 = -3*i, m + i = 400. What is the remainder when m is divided by 12?
9
Suppose -971 + 3023 = 127*x - 19*x. What is the remainder when 1*38 - (-3 + 4) is divided by x?
18
Suppose 23*t - 87 = 20*t. Calculate the remainder when 78 is divided by t.
20
Suppose 2*d - 3*d = -4. Calculate the remainder when 43 - (d + (-10)/5) is divided by 22.
19
Let r(m) = 9*m + 1 + 6 - m**2 + 4. What is the remainder when -40 - -33 - 8*3*-1 is divided by r(9)?
6
Suppose -2*x = -4*y + 116, -3*x - x - 4*y - 184 = 0. Let f = x + 99. Calculate the remainder when f is divided by 14.
7
Let y(v) = v**3 + 39*v**2 - 34*v + 280. What is the remainder when y(-40) is divided by -14*(-1)/(-1 - -2)?
12
Suppose -7 = f + 252*p - 248*p, 0 = -p - 3. What is the remainder when (-16)/(-5)*(-3 + 13) is divided by f?
2
Let p(o) = 3 + 5*o**3 - 5 + 4 - 5*o**2 - 6*o**3. Let f be p(-5). What is the remainder when f - 0/(-3) - -35 is divided by 13?
11
Suppose 0 = -2*o + v + 9 - 2, -o + v + 3 = 0. Let n be 249/166*56/3. Let h = n + o. What is the remainder when h is divided by 17?
15
Let g(w) = -w**2 + 4*w - 16. Let a be g(0). What is the remainder when 66 is divided by (a - (4 - -1))*6/(-7)?
12
Let z(t) = -t**2 - 17*t - 36. Suppose 2 = -3*c - 40. What is the remainder when 35 is divided by z(c)?
5
Let t = 37 + -1. Calculate the remainder when t is divided by 13.
10
Suppose 148 = 2*s - 0*j - 3*j, 0 = -4*s + 2*j + 280. Calculate the remainder when s is divided by (-6)/(-42) - (-640)/28.
22
Let i(m) = -m**2 - 2*m + 42. Let p(l) = -l**3 + 9*l**2 - 10*l + 5. Let b be p(7). Suppose -15 - b = -3*x. Calculate the remainder when i(0) is divided by x.
10
Let z(s) = -s**3 - 2*s**2 - s + 55. 